{"id":579,"date":"2023-05-24T10:00:25","date_gmt":"2023-05-24T10:00:25","guid":{"rendered":"https:\/\/aluminiosnayara.es\/?page_id=579"},"modified":"2023-05-24T10:00:49","modified_gmt":"2023-05-24T10:00:49","slug":"aviso-legal","status":"publish","type":"page","link":"https:\/\/aluminiosnayara.es\/?page_id=579","title":{"rendered":"Aviso Legal"},"content":{"rendered":"<p>[et_pb_section fb_built=\u00bb1&#8243; _builder_version=\u00bb4.17.4&#8243; _module_preset=\u00bbdefault\u00bb global_colors_info=\u00bb{}\u00bb][et_pb_row _builder_version=\u00bb4.17.4&#8243; _module_preset=\u00bbdefault\u00bb global_colors_info=\u00bb{}\u00bb][et_pb_column type=\u00bb4_4&#8243; _builder_version=\u00bb4.17.4&#8243; _module_preset=\u00bbdefault\u00bb global_colors_info=\u00bb{}\u00bb][et_pb_text _builder_version=\u00bb4.17.4&#8243; _module_preset=\u00bbdefault\u00bb global_colors_info=\u00bb{}\u00bb]<\/p>\n<p class=\"p1\"><b>AVISO LEGAL Y CONDICIONES DE USO DEL SITIO WEB <\/b><\/p>\n<p class=\"p1\">De acuerdo con el deber de informaci\u00f3n exigido en la Ley 34\/2002, de 11 de julio, de Servicios de la Sociedad de la Informaci\u00f3n y Comercio Electr\u00f3nico, se detallan a continuaci\u00f3n los datos de informaci\u00f3n general del sitio web:<\/p>\n<p class=\"p3\"><span class=\"s1\">El sitio web <\/span>y su contenido son propiedad de TINAYED 2004, S.L. C.I.F. B04984977.<\/p>\n<p class=\"p1\">Pueden ponerse en contacto con nosotros en el domicilio rese\u00f1ado, llamando al tel\u00e9fono 922785302 y\/o enviando un correo electr\u00f3nico a <span class=\"s2\">info@aluminiosnayara.es<\/span><\/p>\n<p class=\"p1\"><b>T\u00e9rminos y condiciones de uso<\/b><\/p>\n<p class=\"p1\">El acceso y utilizaci\u00f3n de este sitio web atribuye al visitante la condici\u00f3n de usuario. Ello supone que el usuario acepta las condiciones de uso vigentes en cada momento y se compromete a hacer un uso adecuado de los contenidos del sitio web y a observar y cumplir rigurosamente cuanto se disponga en este aviso y en las normas que sean de aplicaci\u00f3n.<\/p>\n<p class=\"p1\">As\u00ed mismo el usuario se compromete a suministrar informaci\u00f3n veraz sobre los datos de registro y a mantenerlos actualizados y a no difundir contenidos contrarios a la ley o a la dignidad de la persona.<\/p>\n<p class=\"p1\">_ se reserva el derecho a efectuar las modificaciones que estime convenientes, a\u00f1adiendo, cambiando o eliminando contenidos o servicios prestados a trav\u00e9s del sitio web; as\u00ed como el de retirar cualquier aportaci\u00f3n o comentario que contravenga las reglas descritas anteriormente.<\/p>\n<p class=\"p1\">El acceso al sitio web es libre y gratuito para el usuario en todas sus partes, contenidos, etc.<\/p>\n<p class=\"p1\">El usuario declara, bajo su responsabilidad, disponer de la capacidad suficiente para vincularse a las presentes condiciones.<\/p>\n<p class=\"p1\"><b>Pol\u00edtica de privacidad y protecci\u00f3n de datos<\/b><\/p>\n<p class=\"p1\">En cumplimiento de lo dispuesto por el Reglamento 2016\/679, del Parlamento Europeo y del Consejo, de 27 de abril de 2016, TINAYED 2004, S.L., como responsable del sitio web, informa a todos los usuarios que faciliten o vayan a facilitar sus datos personales, que estos ser\u00e1n objeto de tratamiento que se haya registrado entre las actividades de tratamiento de TINAYED 2004, S.L., conforme a lo previsto en el art\u00edculo 30 del RGPD.<\/p>\n<p class=\"p1\"><b>Datos personales recogidos.<\/b><\/p>\n<p class=\"p5\">Datos aportados por los usuarios en cualquiera de los formularios disponibles en la p\u00e1gina web: Los datos personales que TINAYED 2004, S.L. solicita incluyen el nombre y direcci\u00f3n de correo electr\u00f3nico. Adem\u00e1s, se recoger\u00e1 la informaci\u00f3n que nos facilite el Usuario a trav\u00e9s del formulario.<\/p>\n<p class=\"p5\">Datos de los usuarios que no han contactado con TINAYED 2004, S.L.: datos proporcionados por <span class=\"s3\">las cookies y de terceros<\/span>.<\/p>\n<p class=\"p6\"><b>Finalidad del tratamiento de datos personales.<\/b><\/p>\n<p class=\"p6\">TINAYED 2004, S.L. tratar\u00e1 todos los datos personales que nos facilitan los interesados, con las siguientes finalidades:<\/p>\n<p class=\"p6\">1) Prestaci\u00f3n de los servicios solicitados.<\/p>\n<p class=\"p6\">2) Gesti\u00f3n de consultas, sugerencias y\/o quejas de los usuarios.<\/p>\n<p class=\"p6\">3) Cesi\u00f3n de datos personales a terceros cuando fuera necesario para la prestaci\u00f3n del servicio contratado;<\/p>\n<p class=\"p6\">TINAYED 2004, S.L. no tomar\u00e1 decisiones automatizadas ni elaborar\u00e1 perfiles basados en los datos personales del interesado.<\/p>\n<p class=\"p6\">Se recoger\u00e1n \u00fanicamente los datos m\u00ednimos imprescindibles para la prestaci\u00f3n del servicio.<\/p>\n<p class=\"p6\">Con el fin de que los datos personales est\u00e9n actualizados, rogamos nos informe de cualquier modificaci\u00f3n que se produzca.<\/p>\n<p class=\"p6\"><b>Plazo de conservaci\u00f3n de los datos personales.<\/b><\/p>\n<p class=\"p6\">Los datos personales proporcionados se conservar\u00e1n mientras exista la relaci\u00f3n contractual, con el fin de prestarle los servicios contratados. Finalizada la relaci\u00f3n contractual, sus datos se conservar\u00e1n mientras exista la posibilidad de ejercer cualquier tipo de acci\u00f3n legal por cualquiera de las partes.<\/p>\n<p class=\"p6\"><b>Legitimaci\u00f3n del tratamiento de datos personales<\/b>.<\/p>\n<p class=\"p6\">TINAYED 2004, S.L.<span class=\"Apple-converted-space\">\u00a0 <\/span>est\u00e1 legitimado para tratar los datos de los interesados en base a la relaci\u00f3n contractual\/precontractual existente entre las partes \/ al consentimiento prestado por el interesado. A<span class=\"s4\">l completar y enviar cualquier formulario\/correo electr\u00f3nico a <\/span>TINAYED 2004, S.L.<span class=\"s4\">, el Usuario consiente y autoriza expresamente a que <\/span>TINAYED 2004, S.L. <span class=\"s4\">trate, seg\u00fan sea el caso, los datos de car\u00e1cter personal que facilite, de conformidad con las finalidades y bajo las condiciones que en cada supuesto correspondan. <\/span>Por otro lado, est\u00e1 legitimada para realizar la cesi\u00f3n de datos personales en base al consentimiento prestado por el interesado.<\/p>\n<p class=\"p6\"><b>Cesi\u00f3n de datos personales.<\/b><\/p>\n<p class=\"p6\">Sus datos personales ser\u00e1n comunicados por parte de TINAYED 2004, S.L. a profesionales colaboradores cuando fuera necesario para la prestaci\u00f3n de los servicios contratados o para ofrecerle la informaci\u00f3n solicitada.<\/p>\n<p class=\"p5\"><span class=\"s5\">Esta circunstancia ser\u00e1 debidamente advertida a los Usuarios en los formularios de recogida de Datos Personales. El Usuario podr\u00e1 oponerse en todo momento a cualquiera o todas las cesiones precitadas mediante el ejercicio de sus derechos seg\u00fan se detalla m\u00e1s abajo.<\/span><\/p>\n<p class=\"p6\"><b>Derechos del interesado.<\/b><\/p>\n<p class=\"p6\">Tiene derecho a retirar el consentimiento prestado cuando lo desee. Asimismo,<span class=\"Apple-converted-space\">\u00a0 <\/span>tiene derecho de acceso, rectificaci\u00f3n, supresi\u00f3n, oposici\u00f3n, limitaci\u00f3n del tratamiento y portabilidad de los datos.<\/p>\n<p class=\"p7\"><span class=\"s6\"><b>ACCESO A SUS DATOS<\/b>: <\/span>El derecho de acceso es el derecho a dirigirse al <span class=\"s6\">TINAYED 2004, S.L.<\/span>, como responsable del tratamiento, para conocer si est\u00e1 tratando o no tus datos de car\u00e1cter personal y, en el caso de que se est\u00e9 realizando dicho tratamiento, obtener m\u00e1s informaci\u00f3n al respecto.<\/p>\n<p class=\"p9\"><span class=\"s7\"><b>RECTIFICACI\u00d3N DE SUS DATOS<\/b>: <\/span>El ejercicio de este derecho supone que podr\u00e1 obtener la rectificaci\u00f3n de sus datos personales cuando sean inexactos sin dilaci\u00f3n indebida del responsable del tratamiento.<\/p>\n<p class=\"p10\"><b>SUPRESI\u00d3N DE SUS DATOS<\/b>: Podr\u00e1 ejercitar este cuando concurra alguna de las circunstancias recogidas en la normativa aplicable al respecto, por ejemplo, cuando los datos personales ya no sean necesarios en relaci\u00f3n con los fines para los que fueron recogidos o cuando el interesado retire el consentimiento en que se basa el tratamiento.<\/p>\n<p class=\"p10\"><b>PORTABILIDAD DE SUS DATOS<\/b>: El ejercicio de este derecho implica recibir en un formato estructurado, de uso com\u00fan y lectura mec\u00e1nica los datos personales que haya facilitado, en los casos en los que el tratamiento est\u00e9 basado en su consentimiento, en la relaci\u00f3n contractual existente entre las partes o cuando el tratamiento se efect\u00fae por medios automatizados.<\/p>\n<p class=\"p12\"><b>OPOSICI\u00d3N AL TRATAMIENTO DE SUS DATOS<\/b>: <span class=\"s8\">Este derecho supone que se puede oponer a que el responsable realice un tratamiento de los datos personales en los supuestos recogidos en la normativa aplicable, como por ejemplo, <\/span>cuando los datos sean objeto de tratamiento basado en una misi\u00f3n de inter\u00e9s p\u00fablico o en el inter\u00e9s leg\u00edtimo, incluido la elaboraci\u00f3n de perfiles o cuando el tratamiento tenga como finalidad la mercadotecnia directa.<\/p>\n<p class=\"p13\"><span class=\"s7\"><b>LIMITACI\u00d3N EL TRATAMIENTO<\/b>: <\/span>Este derecho consiste en que obtenga la limitaci\u00f3n del tratamiento de sus datos cuando concurra alguna de las <span class=\"s7\">circunstancias recogidas en la normativa.<\/span><\/p>\n<p class=\"p1\">El ejercicio de estos derechos se llevar\u00e1 a cabo ante TINAYED 2004, S.L. por correo electr\u00f3nico o en nuestra oficina.<\/p>\n<p class=\"p1\">Correo electr\u00f3nico a info@aluminiosnayara.es.<\/p>\n<p class=\"p6\">En cualquier caso, se le facilitar\u00e1n de manera gratuita los formularios correspondientes para que pueda ejercer sus derechos, junto con las instrucciones a seguir.<\/p>\n<p class=\"p6\">Asimismo, tiene derecho a solicitar la tutela de la Agencia Espa\u00f1ola de Protecci\u00f3n de Datos cuando lo estime conveniente.<\/p>\n<p class=\"p1\">Puede solicitar informaci\u00f3n adicional sobre Protecci\u00f3n de Datos en nuestra oficina, por tel\u00e9fono y\/o por correo electr\u00f3nico.<\/p>\n<p class=\"p1\">TINAYED 2004, S.L., en cuanto responsable del fichero y del tratamiento de los datos de car\u00e1cter personal, est\u00e1 obligada a guardar secreto profesional respecto de todos ellos as\u00ed como a guardarlos, obligaciones que subsistir\u00e1n aun despu\u00e9s de finalizar las relaciones del usuario con TINAYED 2004, S.L<b>.<\/b><\/p>\n<p class=\"p1\"><b>Pol\u00edtica de cookies<\/b><\/p>\n<p class=\"p1\">TINAYED 2004, S.L., puede utilizar cookies cuando un usuario navega por el sitio web. TINAYED 2004, S.L. presta los servicios de cookies de terceros al sitio web.<\/p>\n<p class=\"p1\">Las cookies son ficheros enviados al navegador por medio de un servidor web para la finalidad de registrar las actividades del usuario durante su tiempo de navegaci\u00f3n.<\/p>\n<p class=\"p1\">Mediante el uso de las cookies, tanto del sitio web como de terceros relacionados con \u00e9ste, es posible conocer m\u00faltiples detalles de la actividad del usuario; por ejemplo, el lugar desde el que accede, el tiempo de conexi\u00f3n, el sistema operativo empleado, las p\u00e1ginas visitadas y otros datos relativos al comportamiento del usuario en internet (par\u00e1metros del tr\u00e1fico, n\u00famero de entradas, etc.).<\/p>\n<p class=\"p1\">Es posible acceder al sitio web desactivando las cookies pero podr\u00eda interferir en el correcto funcionamiento de aqu\u00e9l.<\/p>\n<p class=\"p1\">Las cookies que emplea el sitio web s\u00f3lo se asocian con usuarios an\u00f3nimos y su ordenador sin que puedan suministrar, por s\u00ed mismas, datos personales de aqu\u00e9llos. Las cookies no recogen informaci\u00f3n personal que permita la identificaci\u00f3n de un usuario concreto.<\/p>\n<p class=\"p1\">Las cookies que emplea este sitio web son siempre temporales y, en ning\u00fan caso, tendr\u00e1n una vigencia superior a <span class=\"s3\">_<\/span>.<\/p>\n<p class=\"p1\"><b>Pol\u00edtica de enlaces<\/b><\/p>\n<p class=\"p1\">El sitio web puede contener enlaces a otros sitios web con pol\u00edticas de privacidad diferentes a la de \u00e9ste. TINAYED 2004, S.L. no se hace responsable del contenido o pr\u00e1cticas de los sitios enlazados y se recomienda al usuario la lectura detallada de la pol\u00edtica de privacidad de cualquier sitio web al que acceda desde \u00e9ste.<\/p>\n<p class=\"p1\"><b>Propiedad intelectual e industrial<\/b><\/p>\n<p class=\"p1\">Este sitio web es propiedad de TINAYED 2004, S.L.<\/p>\n<p class=\"p1\">La denominaci\u00f3n, el dise\u00f1o y los logotipos que componen este sitio web son marcas debidamente registradas. Su uso indebido podr\u00e1 ser perseguido de conformidad con la legislaci\u00f3n vigente.<\/p>\n<p class=\"p1\">Los derechos de propiedad intelectual y marcas de terceros est\u00e1n destacados y el usuario debe respetarlos en cualquier caso.<\/p>\n<p class=\"p6\">El usuario puede descargar contenidos del sitio web, copiarlos o imprimirlos s\u00f3lo para su uso personal\/ privado<b>.<\/b><\/p>\n<p>[\/et_pb_text][\/et_pb_column][\/et_pb_row][\/et_pb_section]<\/p>\n","protected":false},"excerpt":{"rendered":"<p>AVISO LEGAL Y CONDICIONES DE USO DEL SITIO WEB De acuerdo con el deber de informaci\u00f3n exigido en la Ley 34\/2002, de 11 de julio, de Servicios de la Sociedad de la Informaci\u00f3n y Comercio Electr\u00f3nico, se detallan a continuaci\u00f3n los datos de informaci\u00f3n general del sitio web: El sitio web y su contenido son [&hellip;]<\/p>\n","protected":false},"author":1,"featured_media":0,"parent":0,"menu_order":0,"comment_status":"closed","ping_status":"closed","template":"page-template-blank.php","meta":{"_et_pb_use_builder":"on","_et_pb_old_content":"","_et_gb_content_width":"","footnotes":""},"class_list":["post-579","page","type-page","status-publish","hentry"],"_links":{"self":[{"href":"https:\/\/aluminiosnayara.es\/index.php?rest_route=\/wp\/v2\/pages\/579","targetHints":{"allow":["GET"]}}],"collection":[{"href":"https:\/\/aluminiosnayara.es\/index.php?rest_route=\/wp\/v2\/pages"}],"about":[{"href":"https:\/\/aluminiosnayara.es\/index.php?rest_route=\/wp\/v2\/types\/page"}],"author":[{"embeddable":true,"href":"https:\/\/aluminiosnayara.es\/index.php?rest_route=\/wp\/v2\/users\/1"}],"replies":[{"embeddable":true,"href":"https:\/\/aluminiosnayara.es\/index.php?rest_route=%2Fwp%2Fv2%2Fcomments&post=579"}],"version-history":[{"count":3,"href":"https:\/\/aluminiosnayara.es\/index.php?rest_route=\/wp\/v2\/pages\/579\/revisions"}],"predecessor-version":[{"id":582,"href":"https:\/\/aluminiosnayara.es\/index.php?rest_route=\/wp\/v2\/pages\/579\/revisions\/582"}],"wp:attachment":[{"href":"https:\/\/aluminiosnayara.es\/index.php?rest_route=%2Fwp%2Fv2%2Fmedia&parent=579"}],"curies":[{"name":"wp","href":"https:\/\/api.w.org\/{rel}","templated":true}]}}